{"id":2,"date":"2018-01-30T18:47:20","date_gmt":"2018-01-30T18:47:20","guid":{"rendered":"http:\/\/superconductingelectronics.org\/s2j2019\/?page_id=2"},"modified":"2019-11-26T22:58:25","modified_gmt":"2019-11-26T21:58:25","slug":"scientific-programme-2","status":"publish","type":"page","link":"https:\/\/superconductingelectronics.org\/s2j2019\/index.php\/scientific-programme-2\/","title":{"rendered":"Programme scientifique"},"content":{"rendered":"<p><a href=\"https:\/\/superconductingelectronics.org\/s2j2019\/wp-content\/uploads\/2019\/11\/S2J2-Scientific-programme-day1.pdf\">S2J2-Scientific programme-day1<\/a><a href=\"https:\/\/superconductingelectronics.org\/s2j2019\/wp-content\/uploads\/2019\/11\/S2J2-Scientific-programme-day1.pdf\" target=\"_blank\" rel=\"https:\/\/superconductingelectronics.org\/s2j2019\/wp-content\/uploads\/2019\/11\/s2j2-scientific-programme-day1.pdf noopener noreferrer\"><img loading=\"lazy\" decoding=\"async\" class=\"alignleft wp-image-208 size-full\" src=\"https:\/\/superconductingelectronics.org\/s2j2019\/wp-content\/uploads\/2018\/03\/acrobaticon.gif\" alt=\"\" width=\"37\" height=\"37\" \/><\/a><\/p>\n<p><span style=\"font-size: 14pt;\">Th\u00e8mes des sessions :<\/span><\/p>\n<ul>\n<li><span style=\"font-size: 14pt;\">Supercalculateurs supraconducteurs : les solutions technologiques, du hardware au software<\/span><\/li>\n<li><span style=\"font-size: 14pt;\">Les besoins en \u00e9lectronique supraconductrice : de la physique fondamentale \u00e0 la m\u00e9decine<\/span><\/li>\n<li><span style=\"font-size: 14pt;\">Supraconductivit\u00e9 et cryog\u00e9nie<\/span><\/li>\n<\/ul>\n<p><span style=\"font-size: 14pt;\"><a href=\"https:\/\/superconductingelectronics.org\/s2j2019\/index.php\/inscription-au-colloque\/\">s&#8217;inscrire au colloque<\/a><\/span><\/p>\n<p>\u00a0<\/p>\n\n","protected":false},"excerpt":{"rendered":"<p>This is an example page. It&#8217;s different from a blog post because it will stay in one place and will show up in your site navigation (in most themes). Most people start with an About page that introduces them to potential site visitors. It might say something like this:<\/p>\n","protected":false},"author":1,"featured_media":0,"parent":0,"menu_order":2,"comment_status":"closed","ping_status":"closed","template":"","meta":{"footnotes":"","_links_to":"","_links_to_target":""},"_links":{"self":[{"href":"https:\/\/superconductingelectronics.org\/s2j2019\/index.php\/wp-json\/wp\/v2\/pages\/2"}],"collection":[{"href":"https:\/\/superconductingelectronics.org\/s2j2019\/index.php\/wp-json\/wp\/v2\/pages"}],"about":[{"href":"https:\/\/superconductingelectronics.org\/s2j2019\/index.php\/wp-json\/wp\/v2\/types\/page"}],"author":[{"embeddable":true,"href":"https:\/\/superconductingelectronics.org\/s2j2019\/index.php\/wp-json\/wp\/v2\/users\/1"}],"replies":[{"embeddable":true,"href":"https:\/\/superconductingelectronics.org\/s2j2019\/index.php\/wp-json\/wp\/v2\/comments?post=2"}],"version-history":[{"count":29,"href":"https:\/\/superconductingelectronics.org\/s2j2019\/index.php\/wp-json\/wp\/v2\/pages\/2\/revisions"}],"predecessor-version":[{"id":362,"href":"https:\/\/superconductingelectronics.org\/s2j2019\/index.php\/wp-json\/wp\/v2\/pages\/2\/revisions\/362"}],"wp:attachment":[{"href":"https:\/\/superconductingelectronics.org\/s2j2019\/index.php\/wp-json\/wp\/v2\/media?parent=2"}],"curies":[{"name":"wp","href":"https:\/\/api.w.org\/{rel}","templated":true}]}}